{"id":693,"date":"2024-05-27T10:33:59","date_gmt":"2024-05-27T08:33:59","guid":{"rendered":"https:\/\/www.obsydya.org\/?page_id=693"},"modified":"2024-05-27T11:06:27","modified_gmt":"2024-05-27T09:06:27","slug":"caracteristiques-agricoles-du-site-de-awanla","status":"publish","type":"page","link":"https:\/\/www.obsydya.org\/?page_id=693","title":{"rendered":"Caract\u00e9ristiques agricoles du site de Awanla"},"content":{"rendered":"\n<p><\/p>\n\n\n\n<ul class=\"has-nv-light-bg-background-color has-background wp-block-list\">\n<li>Zone agro\u00e9cologique 4 (Atacora Ouest)\u00a0: syst\u00e8mes de production \u00e0 base de c\u00e9r\u00e9ales sur des sols peu profonds et de tubercules notamment l\u2019igname.<\/li>\n\n\n\n<li>P\u00f4le de d\u00e9veloppement agricole 4<\/li>\n\n\n\n<li>Principales cultures\u00a0: Ma\u00efs, Manioc, Igname, Arachide, Soja, Riz, Sorgho, Mil<\/li>\n\n\n\n<li>Principales plantations\u00a0: Anacarde, Teck, Eucalyptus<\/li>\n\n\n\n<li>Elevage d\u2019ovins, caprins, volailles et bovins<\/li>\n<\/ul>\n\n\n\n<figure class=\"wp-block-gallery has-nested-images columns-default is-cropped wp-block-gallery-1 is-layout-flex wp-block-gallery-is-layout-flex\">\n<figure class=\"wp-block-image size-large\"><img loading=\"lazy\" decoding=\"async\" width=\"1024\" height=\"768\" data-id=\"695\" src=\"https:\/\/www.obsydya.org\/wp-content\/uploads\/2024\/05\/site-de-Awanla1-copie-1024x768.jpg\" alt=\"\" class=\"wp-image-695\" srcset=\"https:\/\/www.obsydya.org\/wp-content\/uploads\/2024\/05\/site-de-Awanla1-copie-1024x768.jpg 1024w, https:\/\/www.obsydya.org\/wp-content\/uploads\/2024\/05\/site-de-Awanla1-copie-300x225.jpg 300w, https:\/\/www.obsydya.org\/wp-content\/uploads\/2024\/05\/site-de-Awanla1-copie-768x576.jpg 768w, https:\/\/www.obsydya.org\/wp-content\/uploads\/2024\/05\/site-de-Awanla1-copie-1536x1152.jpg 1536w, https:\/\/www.obsydya.org\/wp-content\/uploads\/2024\/05\/site-de-Awanla1-copie-2048x1536.jpg 2048w\" sizes=\"auto, (max-width: 1024px) 100vw, 1024px\" \/><\/figure>\n\n\n\n<figure class=\"wp-block-image size-large\"><img loading=\"lazy\" decoding=\"async\" width=\"1024\" height=\"630\" data-id=\"694\" src=\"https:\/\/www.obsydya.org\/wp-content\/uploads\/2024\/05\/site-de-Awanla3-copie-1024x630.jpg\" alt=\"\" class=\"wp-image-694\" srcset=\"https:\/\/www.obsydya.org\/wp-content\/uploads\/2024\/05\/site-de-Awanla3-copie-1024x630.jpg 1024w, https:\/\/www.obsydya.org\/wp-content\/uploads\/2024\/05\/site-de-Awanla3-copie-300x185.jpg 300w, https:\/\/www.obsydya.org\/wp-content\/uploads\/2024\/05\/site-de-Awanla3-copie-768x473.jpg 768w, https:\/\/www.obsydya.org\/wp-content\/uploads\/2024\/05\/site-de-Awanla3-copie-1536x945.jpg 1536w, https:\/\/www.obsydya.org\/wp-content\/uploads\/2024\/05\/site-de-Awanla3-copie-2048x1260.jpg 2048w\" sizes=\"auto, (max-width: 1024px) 100vw, 1024px\" \/><\/figure>\n\n\n\n<figure class=\"wp-block-image size-large\"><img loading=\"lazy\" decoding=\"async\" width=\"1024\" height=\"768\" data-id=\"696\" src=\"https:\/\/www.obsydya.org\/wp-content\/uploads\/2024\/05\/site-de-Awanla2-copie-1024x768.jpg\" alt=\"\" class=\"wp-image-696\" srcset=\"https:\/\/www.obsydya.org\/wp-content\/uploads\/2024\/05\/site-de-Awanla2-copie-1024x768.jpg 1024w, https:\/\/www.obsydya.org\/wp-content\/uploads\/2024\/05\/site-de-Awanla2-copie-300x225.jpg 300w, https:\/\/www.obsydya.org\/wp-content\/uploads\/2024\/05\/site-de-Awanla2-copie-768x576.jpg 768w, https:\/\/www.obsydya.org\/wp-content\/uploads\/2024\/05\/site-de-Awanla2-copie-1536x1152.jpg 1536w, https:\/\/www.obsydya.org\/wp-content\/uploads\/2024\/05\/site-de-Awanla2-copie-2048x1536.jpg 2048w\" sizes=\"auto, (max-width: 1024px) 100vw, 1024px\" \/><\/figure>\n<figcaption class=\"blocks-gallery-caption wp-element-caption\"><em>\u00a9OBSYDYA<\/em><\/figcaption><\/figure>\n\n\n\n<div style=\"height:63px\" aria-hidden=\"true\" class=\"wp-block-spacer\"><\/div>\n","protected":false},"excerpt":{"rendered":"","protected":false},"author":2,"featured_media":0,"parent":0,"menu_order":0,"comment_status":"closed","ping_status":"closed","template":"","meta":{"neve_meta_sidebar":"","neve_meta_container":"","neve_meta_enable_content_width":"","neve_meta_content_width":0,"neve_meta_title_alignment":"","neve_meta_author_avatar":"","neve_post_elements_order":"","neve_meta_disable_header":"","neve_meta_disable_footer":"","neve_meta_disable_title":"","ngg_post_thumbnail":0,"footnotes":""},"class_list":["post-693","page","type-page","status-publish","hentry"],"_links":{"self":[{"href":"https:\/\/www.obsydya.org\/index.php?rest_route=\/wp\/v2\/pages\/693","targetHints":{"allow":["GET"]}}],"collection":[{"href":"https:\/\/www.obsydya.org\/index.php?rest_route=\/wp\/v2\/pages"}],"about":[{"href":"https:\/\/www.obsydya.org\/index.php?rest_route=\/wp\/v2\/types\/page"}],"author":[{"embeddable":true,"href":"https:\/\/www.obsydya.org\/index.php?rest_route=\/wp\/v2\/users\/2"}],"replies":[{"embeddable":true,"href":"https:\/\/www.obsydya.org\/index.php?rest_route=%2Fwp%2Fv2%2Fcomments&post=693"}],"version-history":[{"count":2,"href":"https:\/\/www.obsydya.org\/index.php?rest_route=\/wp\/v2\/pages\/693\/revisions"}],"predecessor-version":[{"id":699,"href":"https:\/\/www.obsydya.org\/index.php?rest_route=\/wp\/v2\/pages\/693\/revisions\/699"}],"wp:attachment":[{"href":"https:\/\/www.obsydya.org\/index.php?rest_route=%2Fwp%2Fv2%2Fmedia&parent=693"}],"curies":[{"name":"wp","href":"https:\/\/api.w.org\/{rel}","templated":true}]}}