{"id":574,"date":"2023-12-08T10:22:13","date_gmt":"2023-12-08T09:22:13","guid":{"rendered":"https:\/\/www.obsydya.org\/?page_id=574"},"modified":"2023-12-08T14:05:50","modified_gmt":"2023-12-08T13:05:50","slug":"mikhail-dotou-padonou-2-2","status":"publish","type":"page","link":"https:\/\/www.obsydya.org\/?page_id=574","title":{"rendered":"Aurelle SEDEGNAN"},"content":{"rendered":"\n<div class=\"wp-block-media-text is-stacked-on-mobile has-nv-light-bg-background-color has-background\" style=\"grid-template-columns:22% auto\"><figure class=\"wp-block-media-text__media\"><img loading=\"lazy\" decoding=\"async\" width=\"768\" height=\"1024\" src=\"https:\/\/www.obsydya.org\/wp-content\/uploads\/2023\/12\/20210106_120558-768x1024.jpg\" alt=\"\" class=\"wp-image-597 size-full\" srcset=\"https:\/\/www.obsydya.org\/wp-content\/uploads\/2023\/12\/20210106_120558-768x1024.jpg 768w, https:\/\/www.obsydya.org\/wp-content\/uploads\/2023\/12\/20210106_120558-225x300.jpg 225w, https:\/\/www.obsydya.org\/wp-content\/uploads\/2023\/12\/20210106_120558-rotated.jpg 960w\" sizes=\"auto, (max-width: 768px) 100vw, 768px\" \/><\/figure><div class=\"wp-block-media-text__content\">\n<p><strong>Doctorant <\/strong><br><strong>Sujet<\/strong> : Cartographie des syst\u00e8mes agraires par t\u00e9l\u00e9d\u00e9tection spatiale au nord et au centre du B\u00e9nin<br>INRAB\/CIRAD<br><strong>Directeurs de th\u00e8se : <\/strong>Agn\u00e8s BEGUE (CIRAD) et Comlan Herv\u00e9 SOSSOU (INRAB)<\/p>\n\n\n<div class=\"wp-block-image is-style-rounded\">\n<figure class=\"alignleft size-full is-resized\"><a href=\"mailto:schrist783@gmail.com\"><img loading=\"lazy\" decoding=\"async\" width=\"512\" height=\"512\" src=\"https:\/\/www.obsydya.org\/wp-content\/uploads\/2023\/10\/mail.png\" alt=\"\" class=\"wp-image-536\" style=\"width:47px;height:47px\" srcset=\"https:\/\/www.obsydya.org\/wp-content\/uploads\/2023\/10\/mail.png 512w, https:\/\/www.obsydya.org\/wp-content\/uploads\/2023\/10\/mail-300x300.png 300w, https:\/\/www.obsydya.org\/wp-content\/uploads\/2023\/10\/mail-150x150.png 150w\" sizes=\"auto, (max-width: 512px) 100vw, 512px\" \/><\/a><\/figure>\n<\/div>\n\n\n<p><\/p>\n<\/div><\/div>\n\n\n\n<div style=\"height:0px\" aria-hidden=\"true\" class=\"wp-block-spacer\"><\/div>\n\n\n\n<div style=\"height:36px\" aria-hidden=\"true\" class=\"wp-block-spacer\"><\/div>\n\n\n\n<p><strong>Sur quoi porte votre recherche ? <\/strong><\/p>\n\n\n<div class=\"wp-block-image\">\n<figure class=\"alignright size-full is-resized\"><img loading=\"lazy\" decoding=\"async\" width=\"1919\" height=\"2560\" src=\"https:\/\/www.obsydya.org\/wp-content\/uploads\/2023\/12\/photo_travaux-scaled.jpg\" alt=\"\" class=\"wp-image-576\" style=\"width:406px;height:271px\" srcset=\"https:\/\/www.obsydya.org\/wp-content\/uploads\/2023\/12\/photo_travaux-scaled.jpg 1919w, https:\/\/www.obsydya.org\/wp-content\/uploads\/2023\/12\/photo_travaux-225x300.jpg 225w, https:\/\/www.obsydya.org\/wp-content\/uploads\/2023\/12\/photo_travaux-768x1024.jpg 768w, https:\/\/www.obsydya.org\/wp-content\/uploads\/2023\/12\/photo_travaux-1152x1536.jpg 1152w, https:\/\/www.obsydya.org\/wp-content\/uploads\/2023\/12\/photo_travaux-1536x2048.jpg 1536w\" sizes=\"auto, (max-width: 1919px) 100vw, 1919px\" \/><\/figure>\n<\/div>\n\n\n<p>La connaissance des syst\u00e8mes agraires est importante pour la mise en \u0153uvre des actions de recherche et de d\u00e9veloppement. L\u2019Institut National des Recherches Agricoles (INRAB) a d\u00e9velopp\u00e9 des outils de caract\u00e9risation fine des Exploitations Agricoles (EA) et des syst\u00e8mes agraires. Malheureusement, ces outils n\u00e9cessitent des dispositifs de collecte de donn\u00e9es de terrain lourds et co\u00fbteux \u00e0 mettre en \u0153uvre et \u00e0 adapter au rythme des changements rapides constat\u00e9s. Aujourd\u2019hui, l\u2019existence d\u2019une importante offre en mati\u00e8re de donn\u00e9es satellitaires constitue une opportunit\u00e9 pour comprendre et renseigner \u00e0 moindre co\u00fbt les dynamiques des syst\u00e8mes agraires. La pr\u00e9sente th\u00e8se vise donc \u00e0 d\u00e9velopper une m\u00e9thode de spatialisation des variables socio-\u00e9conomiques caract\u00e9ristiques des syst\u00e8mes agraires par t\u00e9l\u00e9d\u00e9tection spatiale. Il s\u2019agit de pouvoir combiner les indicateurs socio-\u00e9conomiques et ceux issus de la t\u00e9l\u00e9d\u00e9tection pour caract\u00e9riser les syst\u00e8mes agraires dans le Nord et le centre du B\u00e9nin. Un recours sera fait aux images satellitaires pour \u00e9tablir un lien entre l\u2019occupation des sols, visible par t\u00e9l\u00e9d\u00e9tection spatiale et l\u2019usage agricole des sols et aux indicateurs socio\u00e9conomiques des syst\u00e8mes agraires. Notre th\u00e8se s\u2019inscrit dans le R\u00e9sultat 2 du projet OBSYDYA qui vise \u00e0 d\u00e9velopper un ensemble d\u2019indicateurs spatiaux des syst\u00e8mes et des dynamiques agraires.<\/p>\n\n\n\n<div style=\"height:26px\" aria-hidden=\"true\" class=\"wp-block-spacer\"><\/div>\n\n\n\n<p><strong>Quel est votre parcours ? <\/strong><\/p>\n\n\n\n<p>Suite \u00e0 l\u2019obtention de mon baccalaur\u00e9at s\u00e9rie D (Biologie-G\u00e9ologie) en 2008, j\u2019ai compl\u00e9t\u00e9 avec succ\u00e8s, respectivement en 2013 et 2018, ma licence et mon master professionnels en sciences agronomiques, Option&nbsp;: Economie, Sociologie et Vulgarisation Rurales \u00e0 la facult\u00e9 des sciences agronomiques de l\u2019universit\u00e9 d\u2019Abomey-Calavi.<\/p>\n\n\n\n<div style=\"height:26px\" aria-hidden=\"true\" class=\"wp-block-spacer\"><\/div>\n\n\n\n<p><strong>Quelles sont vos perspectives apr\u00e8s la th\u00e8se ? <\/strong><\/p>\n\n\n\n<p>Depuis 2016, je suis assistante de recherche \u00e0 l\u2019Institut National des Recherches Agricoles du B\u00e9nin. Apr\u00e8s ma th\u00e8se, j\u2019envisage de mettre en place une unit\u00e9 de recherche d\u00e9di\u00e9e aux usages de l\u2019information g\u00e9ographique et de la t\u00e9l\u00e9d\u00e9tection appliqu\u00e9e \u00e0 l\u2019agriculture et \u00e0 la connaissance du territoire au sein de mon institut de recherche.<\/p>\n\n\n\n<div style=\"height:19px\" aria-hidden=\"true\" class=\"wp-block-spacer\"><\/div>\n\n\n\n<p><strong>Quelles sont vos activit\u00e9s en dehors de la recherche ? <\/strong><\/p>\n\n\n\n<p>Je suis membre du collectif des femmes de l\u2019INRAB o\u00f9 j\u2019ai occup\u00e9 pendant deux ans le poste de tr\u00e9sori\u00e8re. C\u2019est une association qui vise entre autres la valorisation des femmes dans la recherche.<\/p>\n\n\n\n<div style=\"height:29px\" aria-hidden=\"true\" class=\"wp-block-spacer\"><\/div>\n\n\n\n<p><strong>Publications, r\u00e9alisations :<\/strong><\/p>\n\n\n\n<div class=\"wp-block-columns is-layout-flex wp-container-core-columns-is-layout-9d6595d7 wp-block-columns-is-layout-flex\">\n<div class=\"wp-block-column has-neve-link-color-color has-nv-light-bg-background-color has-text-color has-background is-layout-flow wp-block-column-is-layout-flow\">\n<ul class=\"wp-block-list\">\n<li>Potentialit\u00e9s des zonages radiom\u00e9triques pour la spatialisation des syst\u00e8mes agraires au B\u00e9nin. M\u00e9moire de Mast\u00e8re SILAT. Montpellier : AgroParisTech, 51 p. <strong>Sedegnan A<\/strong>., B\u00e9gu\u00e9 A., et Sossou C.H. 2023.<\/li>\n\n\n\n<li>Typologie des Exploitant.e.s agricoles des sites de Recherche et D\u00e9veloppement du B\u00e9nin. Document Technique et d\u2019Informations : Rapport final. 129 p. D\u00e9p\u00f4t l\u00e9gal N\u00b0 13942 du 15 Avril 2022, Biblioth\u00e8que Nationale (BN) du B\u00e9nin, 2\u00e8me trimestre. ISBN : 978-99982-60-58-0. Sossou C. H., Olou B. D<strong>., Sedegnan O. A. C<\/strong>., Yarou Koto J., Biaou E., 2022.<\/li>\n\n\n\n<li>Mesure des taux de couverture des exploitations agricoles par les services de productivit\u00e9 (Conseil, Intrant, Financement et Foncier) au B\u00e9nin. Document Technique et d\u2019Informations : Rapport final. 211p. D\u00e9p\u00f4t l\u00e9gal N\u00b0 13940 du 15 Avril 2022, Biblioth\u00e8que Nationale (BN) du B\u00e9nin, 2\u00e8me trimestre. ISBN : 978-99982-60-58-6. Sossou C. H., Olou B. D., Houedjofonon M. E., Midingoyi G. S-K., Yarou Koto J., Sossou R., Ayedoun A., <strong>Sedegnan O. A. C<\/strong>., , Codjo V., 2022.<\/li>\n\n\n\n<li>B. G. Honfoga, J. S. Ohanete, C. D. Tevi, C. O. A. Sedegnan and M. Ogounchi, 2019 : Assessing food attributes and marketing services of private restaurants on the campus of University of Abomey-Calavi, Benin. African Journal of Marketing Management, Vol. 11(2), pp. 10-20, February 2019, DOI: 10.5897\/AJMM2018.0588, Article Number: D018A5C60470, ISSN 2141-2421<\/li>\n\n\n\n<li>Patrice Ygu\u00e9 ADEGBOLA, Gb\u00e8nakpon Aubin Yamonwan Gu\u00e9nol\u00e9 AMAGNIDE, Biaou D\u00e9nis OLOU, Comlan Herv\u00e9 SOSSOU, Guirguissou MABOUDOU ALIDOU, Cossi L\u00e9onard HINNOU, Brice Tiburce Cossi OUSSOU, Baudelaire KOUTON-BIGNON, Raoul ADEGUELOU, J\u00e9r\u00f4me DJIDONOU, Ulrich ARODOKOUN<strong>, Aurelle SEDEGNAN<\/strong>. P\u00f4les de D\u00e9veloppement Agricole du B\u00e9nin : vers une r\u00e9gionalisation de l\u2019agriculture b\u00e9ninoise en Afrique de l\u2019Ouest. Annales de l\u2019Universit\u00e9 de Parakou. S\u00e9rie \u00ab Sciences Naturelles et Agronomie \u00bb, D\u00e9cembre 2018, Volume 8, Num\u00e9ro 2, 71-82<\/li>\n\n\n\n<li>ADEGBOLA Y. Patrice, SOSSOU Comlan Herv\u00e9, OLOU B. D\u00e9nis, MABOUDOU ALIDOU Guirguissou, HINNOU C. L\u00e9onard, ARODOKOUN Ulrich, <strong>SEDEGNAN Aurelle<\/strong> (2017). Caract\u00e9risation et Evaluation des milieux homog\u00e8nes des zones agro-\u00e9cologiques du B\u00e9nin. Rapport final. 325 pages.<\/li>\n\n\n\n<li>Typologie des Exploitations familiales paysannes (EFP) des D\u00e9partements de l\u2019Alibori et du Borgou au nord-est du B\u00e9nin. Document Technique et d\u2019Informations N\u00b0 02 : Rapport final. PNOPPA\/URP-BA\/UDOPER-BA\/INRAB\/LARES\/DDC. 96 p. D\u00e9p\u00f4t l\u00e9gal N\u00b0 9271 du 13 mars 2017, Biblioth\u00e8que Nationale (BN) du B\u00e9nin, 1er trimestre. ISBN : 978-99919-2-827-2. Ad\u00e9gbola Y. P., <strong>Sedegnan O. A. C<\/strong>., Olou B. D., Adeguelou R., Aboudou F., Afouda S. &amp; Jauss S., 2017.<\/li>\n\n\n\n<li>Suivi-Rapproch\u00e9 des Exploitations familiales paysannes (S-REFP) dans les D\u00e9partements de l\u2019Alibori et du Borgou du nord-est du B\u00e9nin : Rapport du S-REFP dans la Zone Agro-\u00e9cologique 1 (ZAE1) ou Zone extr\u00eame Nord. Document Technique et d\u2019Informations N\u00b0 06 : Tome 1 du Rapport final. PNOPPA\/URP-BA\/UDOPER-BA\/INRAB\/LARES\/DDC. 60 p. D\u00e9p\u00f4t l\u00e9gal N\u00b0 9275 du 13 mars 2017, Biblioth\u00e8que Nationale (BN) du B\u00e9nin, 1er trimestre. ISBN : 978-99919-2-831-9. Ad\u00e9gbola Y. P., Amavi A. E<strong>., Sedegnan O. A. C<\/strong>. &amp; Afouda S., 2017.<\/li>\n\n\n\n<li>Suivi-Rapproch\u00e9 des Exploitations familiales paysannes (S-REFP) dans les D\u00e9partements de l\u2019Alibori et du Borgou du nord-est du B\u00e9nin : Rapport du S-REFP dans la Zone Agro-\u00e9cologique 2 (ZAE2) ou Zone cotonni\u00e8re du Nord-B\u00e9nin. Document Technique et d\u2019Informations N\u00b0 08 : Tome 1 du Rapport final. PNOPPA\/URP-BA\/UDOPER-BA\/INRAB\/LARES\/DDC. 60 p. D\u00e9p\u00f4t l\u00e9gal N\u00b0 9277 du 13 mars 2017, Biblioth\u00e8que Nationale (BN) du B\u00e9nin, 1er trimestre. ISBN : 978-99919-2-833-3. Ad\u00e9gbola Y. P., Amavi A. E., <strong>Sedegnan O. A. C<\/strong>. &amp; Afouda S., 2017<\/li>\n\n\n\n<li>Suivi-Rapproch\u00e9 des Exploitations familiales paysannes (S-REFP) dans les D\u00e9partements de l\u2019Alibori et du Borgou du nord-est du B\u00e9nin : Rapport du S-REFP dans la Zone Agro-\u00e9cologique 3 (ZAE3) ou Zone vivri\u00e8re du Sud-Borgou. Document Technique et d\u2019Informations N\u00b0 10 : Tome 1 du Rapport final. PNOPPA\/URP-BA\/UDOPER-BA\/INRAB\/LARES\/DDC. 57 p. D\u00e9p\u00f4t l\u00e9gal N\u00b0 9279 du 13 mars 2017, Biblioth\u00e8que Nationale (BN) du B\u00e9nin, 1er trimestre. ISBN : 978-99919-2-835-7. Ad\u00e9gbola Y. P., Amavi A. E., <strong>Sedegnan O. A. C<\/strong>. &amp; Afouda S., 2017<\/li>\n\n\n\n<li>Suivi-Rapproch\u00e9 des Exploitations familiales paysannes (S-REFP) dans les D\u00e9partements de l\u2019Alibori et du Borgou du nord-est du B\u00e9nin : Rapport du S-REFP dans la Zone Agro-\u00e9cologique 5 (ZAE5) ou Zone cotonni\u00e8re du Centre-B\u00e9nin. Document Technique et d\u2019Informations N\u00b0 12 : Tome 1 du Rapport final. PNOPPA\/URP-BA\/UDOPER-BA\/INRAB\/LARES\/DDC. 81 p. D\u00e9p\u00f4t l\u00e9gal N\u00b0 9281 du 13 mars 2017, Biblioth\u00e8que Nationale (BN) du B\u00e9nin, 1er trimestre. ISBN : 978-99919-2-837-1. Ad\u00e9gbola Y. P., Amavi A. E., <strong>Sedegnan O. A. C<\/strong>. &amp; Afouda S., 2017<\/li>\n<\/ul>\n<\/div>\n<\/div>\n","protected":false},"excerpt":{"rendered":"<p>Sur quoi porte votre recherche ? La connaissance des syst\u00e8mes agraires est importante pour la mise en \u0153uvre des actions de recherche et de d\u00e9veloppement. L\u2019Institut National des Recherches Agricoles (INRAB) a d\u00e9velopp\u00e9 des outils de caract\u00e9risation fine des Exploitations Agricoles (EA) et des syst\u00e8mes agraires. Malheureusement, ces outils n\u00e9cessitent des dispositifs de collecte de&hellip;&nbsp;<a href=\"https:\/\/www.obsydya.org\/?page_id=574\" class=\"\" rel=\"bookmark\">Lire la suite &raquo;<span class=\"screen-reader-text\">Aurelle SEDEGNAN<\/span><\/a><\/p>\n","protected":false},"author":2,"featured_media":575,"parent":0,"menu_order":0,"comment_status":"closed","ping_status":"closed","template":"","meta":{"neve_meta_sidebar":"","neve_meta_container":"","neve_meta_enable_content_width":"","neve_meta_content_width":0,"neve_meta_title_alignment":"","neve_meta_author_avatar":"","neve_post_elements_order":"","neve_meta_disable_header":"","neve_meta_disable_footer":"","neve_meta_disable_title":"","ngg_post_thumbnail":0,"footnotes":""},"class_list":["post-574","page","type-page","status-publish","has-post-thumbnail","hentry"],"_links":{"self":[{"href":"https:\/\/www.obsydya.org\/index.php?rest_route=\/wp\/v2\/pages\/574","targetHints":{"allow":["GET"]}}],"collection":[{"href":"https:\/\/www.obsydya.org\/index.php?rest_route=\/wp\/v2\/pages"}],"about":[{"href":"https:\/\/www.obsydya.org\/index.php?rest_route=\/wp\/v2\/types\/page"}],"author":[{"embeddable":true,"href":"https:\/\/www.obsydya.org\/index.php?rest_route=\/wp\/v2\/users\/2"}],"replies":[{"embeddable":true,"href":"https:\/\/www.obsydya.org\/index.php?rest_route=%2Fwp%2Fv2%2Fcomments&post=574"}],"version-history":[{"count":2,"href":"https:\/\/www.obsydya.org\/index.php?rest_route=\/wp\/v2\/pages\/574\/revisions"}],"predecessor-version":[{"id":601,"href":"https:\/\/www.obsydya.org\/index.php?rest_route=\/wp\/v2\/pages\/574\/revisions\/601"}],"wp:featuredmedia":[{"embeddable":true,"href":"https:\/\/www.obsydya.org\/index.php?rest_route=\/wp\/v2\/media\/575"}],"wp:attachment":[{"href":"https:\/\/www.obsydya.org\/index.php?rest_route=%2Fwp%2Fv2%2Fmedia&parent=574"}],"curies":[{"name":"wp","href":"https:\/\/api.w.org\/{rel}","templated":true}]}}