{"id":560,"date":"2023-11-21T10:42:53","date_gmt":"2023-11-21T09:42:53","guid":{"rendered":"https:\/\/www.obsydya.org\/?page_id=560"},"modified":"2023-11-21T10:47:54","modified_gmt":"2023-11-21T09:47:54","slug":"mikhail-dotou-padonou-2","status":"publish","type":"page","link":"https:\/\/www.obsydya.org\/?page_id=560","title":{"rendered":"Bruno BIO NIKKI"},"content":{"rendered":"\n<div class=\"wp-block-media-text is-stacked-on-mobile has-nv-light-bg-background-color has-background\" style=\"grid-template-columns:22% auto\"><figure class=\"wp-block-media-text__media\"><img decoding=\"async\" src=\"https:\/\/www.obsydya.org\/wp-content\/uploads\/2023\/11\/photo_bruno-1-768x1024.jpg\" alt=\"\" class=\"wp-image-561 size-full\"\/><\/figure><div class=\"wp-block-media-text__content\">\n<p><strong>Doctorant <\/strong><br><strong>Sujet<\/strong> : Apprentissage profond et t\u00e9l\u00e9d\u00e9tection multi-capteur pour la cartographie de l&rsquo;occupation et l&rsquo;usage des sols agricoles au Centre et Nord B\u00e9nin.<br>Universit\u00e9s de Parakou\/CIRAD<br><strong>Directeurs de th\u00e8se : <\/strong>Yvon Carmen HOUNTONDJI (UP), Raffaele GAETANO (CIRAD UMR TETIS) et Roberto INTERDONATO (CIRAD UMR TETIS)<\/p>\n\n\n<div class=\"wp-block-image is-style-rounded\">\n<figure class=\"alignleft size-full is-resized\"><a href=\"mailto:brunobionikki@gmail.com\"><img loading=\"lazy\" decoding=\"async\" width=\"512\" height=\"512\" src=\"https:\/\/www.obsydya.org\/wp-content\/uploads\/2023\/10\/mail.png\" alt=\"\" class=\"wp-image-536\" style=\"width:47px;height:47px\" srcset=\"https:\/\/www.obsydya.org\/wp-content\/uploads\/2023\/10\/mail.png 512w, https:\/\/www.obsydya.org\/wp-content\/uploads\/2023\/10\/mail-300x300.png 300w, https:\/\/www.obsydya.org\/wp-content\/uploads\/2023\/10\/mail-150x150.png 150w\" sizes=\"auto, (max-width: 512px) 100vw, 512px\" \/><\/a><\/figure>\n<\/div>\n\n\n<p><\/p>\n<\/div><\/div>\n\n\n\n<div style=\"height:0px\" aria-hidden=\"true\" class=\"wp-block-spacer\"><\/div>\n\n\n\n<div style=\"height:36px\" aria-hidden=\"true\" class=\"wp-block-spacer\"><\/div>\n\n\n\n<p><strong>Sur quoi porte votre recherche ? <\/strong><\/p>\n\n\n<div class=\"wp-block-image\">\n<figure class=\"alignright size-full is-resized\"><img loading=\"lazy\" decoding=\"async\" width=\"834\" height=\"506\" src=\"https:\/\/www.obsydya.org\/wp-content\/uploads\/2023\/11\/illustration_travaux_bruno.png\" alt=\"\" class=\"wp-image-562\" style=\"width:406px;height:271px\" srcset=\"https:\/\/www.obsydya.org\/wp-content\/uploads\/2023\/11\/illustration_travaux_bruno.png 834w, https:\/\/www.obsydya.org\/wp-content\/uploads\/2023\/11\/illustration_travaux_bruno-300x182.png 300w, https:\/\/www.obsydya.org\/wp-content\/uploads\/2023\/11\/illustration_travaux_bruno-768x466.png 768w\" sizes=\"auto, (max-width: 834px) 100vw, 834px\" \/><\/figure>\n<\/div>\n\n\n<p>Les syst\u00e8mes de production agricole du Centre et du Nord du B\u00e9nin ont subi des transformations rapides et significatives au cours des derni\u00e8res d\u00e9cennies. Ces r\u00e9gions ont \u00e9t\u00e9 profond\u00e9ment affect\u00e9es par le d\u00e9veloppement croissant des cultures de coton, de soja et de noix de cajou, accompagn\u00e9 d\u2019une croissance d\u00e9mographique exponentielle. Ces transformations entra\u00eenent ainsi une expansion consid\u00e9rable des surfaces agricoles, des changements profonds dans les pratiques agricoles et pastorales, ainsi que dans les \u00e9cosyst\u00e8mes et la structure des paysages.<\/p>\n\n\n\n<p>L\u2019une des avanc\u00e9es majeures dans cette \u00e8re de transformation est la disponibilit\u00e9 croissante de donn\u00e9es satellitaires pr\u00e9cises et accessibles en Afrique de l\u2019Ouest. Ainsi, cette abondance de donn\u00e9es combin\u00e9e aux progr\u00e8s r\u00e9alis\u00e9s dans le domaine de la t\u00e9l\u00e9d\u00e9tection multi-capteur et des techniques d\u2019apprentissage automatique offre des opportunit\u00e9s de d\u00e9velopper de nouvelles applications dans les domaines de l\u2019agriculture et de l\u2019environnement afin de caract\u00e9riser et de suivre l\u2019\u00e9volution des paysages en relation avec les pratiques agricoles.<\/p>\n\n\n\n<p>Dans ce contexte, cette th\u00e8se de doctorat vise \u00e0 exploiter les potentialit\u00e9s des donn\u00e9es satellitaires multi-source et multi-temporelles combin\u00e9es aux techniques d\u2019apprentissage profond (<em>Deep Learning<\/em>) afin de d\u00e9velopper de nouveaux mod\u00e8les pour la cartographie automatique et pr\u00e9cise de l\u2019occupation et de l\u2019usage des sols agricoles dans la zone du centre et du nord B\u00e9nin. Dans cette th\u00e8se, nous essayons de trouver un compromis entre la disponibilit\u00e9 de donn\u00e9es suffisantes, fiables et les caract\u00e9ristiques sp\u00e9cifiques de la zone du centre et du nord B\u00e9nin (fortes n\u00e9bulosit\u00e9s surtout en saison culturale, h\u00e9t\u00e9rog\u00e9n\u00e9it\u00e9 des pratiques, fragmentation et diversit\u00e9 du paysage\u2026).<\/p>\n\n\n\n<div style=\"height:34px\" aria-hidden=\"true\" class=\"wp-block-spacer\"><\/div>\n\n\n\n<p><strong>Quel est votre parcours ? <\/strong><\/p>\n\n\n\n<p>Suite \u00e0 l\u2019obtention de mon Baccalaur\u00e9at S\u00e9rie D (Biologie-G\u00e9ologie) en 2012, j\u2019ai orient\u00e9 mes \u00e9tudes universitaires vers les sciences informatiques\u00a0; ce qui m\u2019a permis d\u2019obtenir un Brevet de Technicien Sup\u00e9rieur (BTS) en Informatique Industrielle et Maintenance puis une licence professionnelle en G\u00e9nie Informatique respectivement en 2014 et en 2015. J\u2019ai ensuite compl\u00e9t\u00e9 ce parcours avec un master en Syst\u00e8mes d\u2019Information et R\u00e9seaux Informatiques obtenu en 2018 \u00e0 l\u2019Institut de Formation et de Recherche en Informatique de l\u2019Universit\u00e9 d\u2019Abomey-Calavi (B\u00e9nin). Ce dipl\u00f4me de master m\u2019a ouvert l\u2019opportunit\u00e9 de suivre plusieurs autres formations certifiantes et parall\u00e8lement d\u2019exercer en qualit\u00e9 de consultant informaticien et d\u00e9veloppeur web sp\u00e9cialis\u00e9 dans les solutions num\u00e9riques.<\/p>\n\n\n\n<p>J&rsquo;ai progressivement \u00e9largi mon champ d&rsquo;investigation vers le domaine de l&rsquo;informatique et de la t\u00e9l\u00e9d\u00e9tection appliqu\u00e9es \u00e0 l&rsquo;am\u00e9nagement des territoires. Ainsi, j\u2019ai int\u00e9gr\u00e9 l\u2019Unit\u00e9 de Recherche en T\u00e9l\u00e9d\u00e9tection Appliqu\u00e9es et Gestion de l\u2019Information Spatialis\u00e9e (TapGIS) \u00e0 la Facult\u00e9 d\u2019Agronomie de l\u2019Universit\u00e9 de Parakou. J&rsquo;ai suivi une formation de niveau Master Recherche en Am\u00e9nagement et Gestion des Ressources Naturelles sp\u00e9cialit\u00e9 G\u00e9o-information et Biostatistique \u00e0 l\u2019\u00c9cole Doctorale des Science Agronomiques et de l\u2019Eau de l\u2019Universit\u00e9 de Parakou. Puis un autre Mast\u00e8re Sp\u00e9cialis\u00e9 en Syst\u00e8mes d\u2019Informations Localis\u00e9es pour l\u2019Am\u00e9nagement des Territoires (SILAT) suivi \u00e0 AgroParisTech, Maison de la T\u00e9l\u00e9d\u00e9tection \u00e0 Montpellier en France.<\/p>\n\n\n\n<p>Actuellement, mon int\u00e9r\u00eat se porte sur l&rsquo;apprentissage automatique pour l&rsquo;analyse et le traitement d&rsquo;images de t\u00e9l\u00e9d\u00e9tection, en mettant l&rsquo;accent sur des m\u00e9thodes op\u00e9rationnelles \u00e0 grande \u00e9chelle permettant l&rsquo;extraction d&rsquo;informations \u00e0 partir d&rsquo;images multi-capteurs.<\/p>\n\n\n\n<div style=\"height:34px\" aria-hidden=\"true\" class=\"wp-block-spacer\"><\/div>\n\n\n\n<p><strong>Quelles sont vos perspectives apr\u00e8s la th\u00e8se ? <\/strong><\/p>\n\n\n\n<p>Apr\u00e8s ma th\u00e8se, j\u2019envisage m\u2019investir davantage dans la Recherche-D\u00e9veloppement \u00e0 travers des applications, travaux et projets visant l\u2019utilisation de l\u2019information spatialis\u00e9e et l\u2019apprentissage automatique pour mieux comprendre les territoires, notre environnement et notre cadre de vie. En plus de cela, je m\u2019investirai dans la vulgarisation de nouvelles approches innovantes au sein de mes laboratoires et \u00e9quipes de recherche.<\/p>\n\n\n\n<div style=\"height:34px\" aria-hidden=\"true\" class=\"wp-block-spacer\"><\/div>\n\n\n\n<p><strong>Quelles sont vos activit\u00e9s en dehors de la recherche ? <\/strong><\/p>\n\n\n\n<p>Je milite pour la promotion et la d\u00e9mocratisation des technologies de l\u2019information et de la communication au sein des communaut\u00e9s et des entreprises. Je participe activement \u00e0 l\u2019\u00e9ducation num\u00e9rique de la population \u00e0 travers des formations, sensibilisations\u2026, l\u2019orientation et le coaching des plus jeunes vers les m\u00e9tiers du num\u00e9rique.<\/p>\n\n\n\n<p>&nbsp;Je suis \u00e9galement membre actif du R\u00e9seau des Engag\u00e9es contre les Violences et Discriminations (REViD \u2013 B\u00e9nin),<\/p>\n\n\n\n<div style=\"height:34px\" aria-hidden=\"true\" class=\"wp-block-spacer\"><\/div>\n\n\n\n<p><strong>Publications, r\u00e9alisations :<\/strong><\/p>\n\n\n\n<div class=\"wp-block-columns is-layout-flex wp-container-core-columns-is-layout-9d6595d7 wp-block-columns-is-layout-flex\">\n<div class=\"wp-block-column has-neve-link-color-color has-nv-light-bg-background-color has-text-color has-background is-layout-flow wp-block-column-is-layout-flow\">\n<ul class=\"wp-block-list\">\n<li>Bruno Bio Nikki (2023)&nbsp;: \u00c9valuation de techniques d\u2019apprentissage profond pour la cartographie par t\u00e9l\u00e9d\u00e9tection multi-capteur de l\u2019occupation et l\u2019usage des sols en milieu rural au nord du B\u00e9nin. M\u00e9moire de Mast\u00e8re SILAT, 45p&nbsp;;<\/li>\n\n\n\n<li>Bruno Bio Nikki (2022)&nbsp;: Suivi de l\u2019Artificialisation des espaces naturelles et agricoles par t\u00e9l\u00e9d\u00e9tection optique&nbsp;: cas de la commune de Parakou. Rapport, 75p&nbsp;;<\/li>\n\n\n\n<li>Bruno Bio Nikki (2018)\u00a0: Conception et R\u00e9alisation d\u2019un syst\u00e8me de d\u00e9tection et de comptage de v\u00e9hicules dans une s\u00e9quence vid\u00e9o. M\u00e9moire de Master IFRI \/ UAC, 80p<\/li>\n\n\n\n<li>Auteur de plusieurs applications de gestion et plateformes num\u00e9riques (e-learning, e-services, e-agriculture, e-sant\u00e9) orient\u00e9es m\u00e9tiers \u00e0 la fois dans le secteur public et priv\u00e9.<\/li>\n\n\n\n<li>Encadrement et la formation des \u00e9tudiants en Informatique avec plus d\u2019une vingtaine de m\u00e9moires de fin d\u2019\u00e9tude en licence et master encadr\u00e9 sur des th\u00e9matiques assez vari\u00e9es.<\/li>\n<\/ul>\n<\/div>\n<\/div>\n","protected":false},"excerpt":{"rendered":"<p>Sur quoi porte votre recherche ? Les syst\u00e8mes de production agricole du Centre et du Nord du B\u00e9nin ont subi des transformations rapides et significatives au cours des derni\u00e8res d\u00e9cennies. Ces r\u00e9gions ont \u00e9t\u00e9 profond\u00e9ment affect\u00e9es par le d\u00e9veloppement croissant des cultures de coton, de soja et de noix de cajou, accompagn\u00e9 d\u2019une croissance d\u00e9mographique&hellip;&nbsp;<a href=\"https:\/\/www.obsydya.org\/?page_id=560\" class=\"\" rel=\"bookmark\">Lire la suite &raquo;<span class=\"screen-reader-text\">Bruno BIO NIKKI<\/span><\/a><\/p>\n","protected":false},"author":2,"featured_media":561,"parent":0,"menu_order":0,"comment_status":"closed","ping_status":"closed","template":"","meta":{"neve_meta_sidebar":"","neve_meta_container":"","neve_meta_enable_content_width":"","neve_meta_content_width":0,"neve_meta_title_alignment":"","neve_meta_author_avatar":"","neve_post_elements_order":"","neve_meta_disable_header":"","neve_meta_disable_footer":"","neve_meta_disable_title":"","ngg_post_thumbnail":0,"footnotes":""},"class_list":["post-560","page","type-page","status-publish","has-post-thumbnail","hentry"],"_links":{"self":[{"href":"https:\/\/www.obsydya.org\/index.php?rest_route=\/wp\/v2\/pages\/560","targetHints":{"allow":["GET"]}}],"collection":[{"href":"https:\/\/www.obsydya.org\/index.php?rest_route=\/wp\/v2\/pages"}],"about":[{"href":"https:\/\/www.obsydya.org\/index.php?rest_route=\/wp\/v2\/types\/page"}],"author":[{"embeddable":true,"href":"https:\/\/www.obsydya.org\/index.php?rest_route=\/wp\/v2\/users\/2"}],"replies":[{"embeddable":true,"href":"https:\/\/www.obsydya.org\/index.php?rest_route=%2Fwp%2Fv2%2Fcomments&post=560"}],"version-history":[{"count":1,"href":"https:\/\/www.obsydya.org\/index.php?rest_route=\/wp\/v2\/pages\/560\/revisions"}],"predecessor-version":[{"id":563,"href":"https:\/\/www.obsydya.org\/index.php?rest_route=\/wp\/v2\/pages\/560\/revisions\/563"}],"wp:featuredmedia":[{"embeddable":true,"href":"https:\/\/www.obsydya.org\/index.php?rest_route=\/wp\/v2\/media\/561"}],"wp:attachment":[{"href":"https:\/\/www.obsydya.org\/index.php?rest_route=%2Fwp%2Fv2%2Fmedia&parent=560"}],"curies":[{"name":"wp","href":"https:\/\/api.w.org\/{rel}","templated":true}]}}