{"id":244,"date":"2022-09-07T15:59:11","date_gmt":"2022-09-07T13:59:11","guid":{"rendered":"https:\/\/www.obsydya.org\/?page_id=244"},"modified":"2022-09-22T13:42:39","modified_gmt":"2022-09-22T11:42:39","slug":"actualites","status":"publish","type":"page","link":"https:\/\/www.obsydya.org\/?page_id=244","title":{"rendered":"Actualit\u00e9s"},"content":{"rendered":"\n<div class=\"wp-block-columns is-layout-flex wp-container-core-columns-is-layout-9d6595d7 wp-block-columns-is-layout-flex\">\n<div class=\"wp-block-column is-layout-flow wp-block-column-is-layout-flow\">\n<div style=\"height:51px\" aria-hidden=\"true\" class=\"wp-block-spacer\"><\/div>\n<\/div>\n<\/div>\n\n\n\n<div class=\"wp-block-columns is-layout-flex wp-container-core-columns-is-layout-9d6595d7 wp-block-columns-is-layout-flex\">\n<div class=\"wp-block-column is-layout-flow wp-block-column-is-layout-flow\">\n\t<div class=\"wpnawfree-plugin news-clearfix \" id=\"wpnw-news-1\">\r\n\r\n\t\t\r\n\t\t\t<div id=\"post-1076\" class=\"news type-news wpnaw-blog-class has-date news-col-list wpnaw-first\">\r\n\t\t\t\t<div class=\"news-inner-wrap-view news-clearfix \">\r\n\r\n\t\t\t\t\t\t\t\t\t\t<div class=\"news-thumb\">\r\n\t\t\t\t\t\t\t\t\t\t\t\t\t<div class=\"grid-news-thumb\">\r\n\t\t\t\t\t\t\t\t<a href=\"https:\/\/www.obsydya.org\/?news=formation-rosemary-au-benin\"><img loading=\"lazy\" decoding=\"async\" width=\"768\" height=\"576\" src=\"https:\/\/www.obsydya.org\/wp-content\/uploads\/2026\/04\/WhatsApp-Image-2026-03-20-at-19.14.21-768x576.jpeg\" class=\"attachment-medium_large size-medium_large wp-post-image\" alt=\"\" srcset=\"https:\/\/www.obsydya.org\/wp-content\/uploads\/2026\/04\/WhatsApp-Image-2026-03-20-at-19.14.21-768x576.jpeg 768w, https:\/\/www.obsydya.org\/wp-content\/uploads\/2026\/04\/WhatsApp-Image-2026-03-20-at-19.14.21-300x225.jpeg 300w, https:\/\/www.obsydya.org\/wp-content\/uploads\/2026\/04\/WhatsApp-Image-2026-03-20-at-19.14.21-1024x768.jpeg 1024w, https:\/\/www.obsydya.org\/wp-content\/uploads\/2026\/04\/WhatsApp-Image-2026-03-20-at-19.14.21-1536x1152.jpeg 1536w, https:\/\/www.obsydya.org\/wp-content\/uploads\/2026\/04\/WhatsApp-Image-2026-03-20-at-19.14.21.jpeg 2048w\" sizes=\"auto, (max-width: 768px) 100vw, 768px\" \/><\/a>\r\n\t\t\t\t\t\t\t<\/div>\r\n\t\t\t\t\t\t\t\t\t\t\t<\/div>\r\n\t\t\t\t\t\r\n\t\t\t\t\t<div class=\"news-content\">\r\n\t\t\t\t\t\t\t\t\t\t\t\t\t<div class=\"grid-date-post\">\r\n\t\t\t\t\t\t\t\t2 avril 2026\t\t\t\t\t\t\t<\/div>\r\n\t\t\t\t\t\t\r\n\t\t\t\t\t\t<div class=\"post-content-text\">\r\n\t\t\t\t\t\t\t<h3 class=\"news-title\"><a href=\"https:\/\/www.obsydya.org\/?news=formation-rosemary-au-benin\" rel=\"bookmark\">Formation RoSeMaRY au B\u00e9nin<\/a><\/h3>\t\t\t\t\t\t\t\t<div class=\"news-content-excerpt\">\r\n\t\t\t\t\t\t\t\t\t\t\t\t\t\t\t\t\t\t\t<div class=\"news-short-content\">\r\n\t\t\t\t\t\t\t\t\t\t\tFormation RoSeMaRY au B\u00e9nin Dans le cadre du projet OBSYDYA, une formation de deux semaines sur la plateforme RoSeMaRY a...\t\t\t\t\t\t\t\t\t\t<\/div>\r\n\t\t\t\t\t\t\t\t\t\t<a href=\"https:\/\/www.obsydya.org\/?news=formation-rosemary-au-benin\" class=\"news-more-link\">En savoir plus<\/a>\r\n\t\t\t\t\t\t\t\t\t\t\t\t\t\t\t\t\t<\/div><!-- .entry-content -->\r\n\t\t\t\t\t\t\t\t\t\t\t\t\t<\/div>\r\n\t\t\t\t\t<\/div>\r\n\t\t\t\t<\/div><!-- #post-## -->\r\n\t\t\t<\/div><!-- #post-## -->\r\n\t\t\r\n\t\t\t<div id=\"post-1069\" class=\"news type-news wpnaw-blog-class has-date news-col-list\">\r\n\t\t\t\t<div class=\"news-inner-wrap-view news-clearfix \">\r\n\r\n\t\t\t\t\t\t\t\t\t\t<div class=\"news-thumb\">\r\n\t\t\t\t\t\t\t\t\t\t\t\t\t<div class=\"grid-news-thumb\">\r\n\t\t\t\t\t\t\t\t<a href=\"https:\/\/www.obsydya.org\/?news=bonne-annee-2026\"><img loading=\"lazy\" decoding=\"async\" width=\"768\" height=\"768\" src=\"https:\/\/www.obsydya.org\/wp-content\/uploads\/2026\/01\/Carte-de-voeux_obsydya_5-768x768.png\" class=\"attachment-medium_large size-medium_large wp-post-image\" alt=\"\" srcset=\"https:\/\/www.obsydya.org\/wp-content\/uploads\/2026\/01\/Carte-de-voeux_obsydya_5-768x768.png 768w, https:\/\/www.obsydya.org\/wp-content\/uploads\/2026\/01\/Carte-de-voeux_obsydya_5-300x300.png 300w, https:\/\/www.obsydya.org\/wp-content\/uploads\/2026\/01\/Carte-de-voeux_obsydya_5-150x150.png 150w, https:\/\/www.obsydya.org\/wp-content\/uploads\/2026\/01\/Carte-de-voeux_obsydya_5.png 1000w\" sizes=\"auto, (max-width: 768px) 100vw, 768px\" \/><\/a>\r\n\t\t\t\t\t\t\t<\/div>\r\n\t\t\t\t\t\t\t\t\t\t\t<\/div>\r\n\t\t\t\t\t\r\n\t\t\t\t\t<div class=\"news-content\">\r\n\t\t\t\t\t\t\t\t\t\t\t\t\t<div class=\"grid-date-post\">\r\n\t\t\t\t\t\t\t\t13 janvier 2026\t\t\t\t\t\t\t<\/div>\r\n\t\t\t\t\t\t\r\n\t\t\t\t\t\t<div class=\"post-content-text\">\r\n\t\t\t\t\t\t\t<h3 class=\"news-title\"><a href=\"https:\/\/www.obsydya.org\/?news=bonne-annee-2026\" rel=\"bookmark\">Bonne ann\u00e9e 2026<\/a><\/h3>\t\t\t\t\t\t\t\t<div class=\"news-content-excerpt\">\r\n\t\t\t\t\t\t\t\t\t\t\t\t\t\t\t\t\t\t\t<div class=\"news-short-content\">\r\n\t\t\t\t\t\t\t\t\t\t\tBonne ann\u00e9e 2026 Toute l'\u00e9quipe Obsydya vous adresse ses meilleurs v\u0153ux pour cette nouvelle ann\u00e9e.En 2025, nous avons continu\u00e9 \u00e0...\t\t\t\t\t\t\t\t\t\t<\/div>\r\n\t\t\t\t\t\t\t\t\t\t<a href=\"https:\/\/www.obsydya.org\/?news=bonne-annee-2026\" class=\"news-more-link\">En savoir plus<\/a>\r\n\t\t\t\t\t\t\t\t\t\t\t\t\t\t\t\t\t<\/div><!-- .entry-content -->\r\n\t\t\t\t\t\t\t\t\t\t\t\t\t<\/div>\r\n\t\t\t\t\t<\/div>\r\n\t\t\t\t<\/div><!-- #post-## -->\r\n\t\t\t<\/div><!-- #post-## -->\r\n\t\t\r\n\t\t\t<div id=\"post-1065\" class=\"news type-news wpnaw-blog-class has-date news-col-list\">\r\n\t\t\t\t<div class=\"news-inner-wrap-view news-clearfix \">\r\n\r\n\t\t\t\t\t\t\t\t\t\t<div class=\"news-thumb\">\r\n\t\t\t\t\t\t\t\t\t\t\t\t\t<div class=\"grid-news-thumb\">\r\n\t\t\t\t\t\t\t\t<a href=\"https:\/\/www.obsydya.org\/?news=soutenance-de-master-professionnel\"><img loading=\"lazy\" decoding=\"async\" width=\"768\" height=\"355\" src=\"https:\/\/www.obsydya.org\/wp-content\/uploads\/2025\/12\/1000345948-768x355.jpg\" class=\"attachment-medium_large size-medium_large wp-post-image\" alt=\"\" srcset=\"https:\/\/www.obsydya.org\/wp-content\/uploads\/2025\/12\/1000345948-768x355.jpg 768w, https:\/\/www.obsydya.org\/wp-content\/uploads\/2025\/12\/1000345948-300x139.jpg 300w, https:\/\/www.obsydya.org\/wp-content\/uploads\/2025\/12\/1000345948.jpg 1000w\" sizes=\"auto, (max-width: 768px) 100vw, 768px\" \/><\/a>\r\n\t\t\t\t\t\t\t<\/div>\r\n\t\t\t\t\t\t\t\t\t\t\t<\/div>\r\n\t\t\t\t\t\r\n\t\t\t\t\t<div class=\"news-content\">\r\n\t\t\t\t\t\t\t\t\t\t\t\t\t<div class=\"grid-date-post\">\r\n\t\t\t\t\t\t\t\t10 d\u00e9cembre 2025\t\t\t\t\t\t\t<\/div>\r\n\t\t\t\t\t\t\r\n\t\t\t\t\t\t<div class=\"post-content-text\">\r\n\t\t\t\t\t\t\t<h3 class=\"news-title\"><a href=\"https:\/\/www.obsydya.org\/?news=soutenance-de-master-professionnel\" rel=\"bookmark\">Soutenance de Master professionnel<\/a><\/h3>\t\t\t\t\t\t\t\t<div class=\"news-content-excerpt\">\r\n\t\t\t\t\t\t\t\t\t\t\t\t\t\t\t\t\t\t\t<div class=\"news-short-content\">\r\n\t\t\t\t\t\t\t\t\t\t\tSoutenance de Master professionnel Nawfal B. AHMADOU NOUHOUM, \u00e9tudiant \u00e0 l'Universit\u00e9 de Parakou, a soutenu, le 04 Novembre 2025, son...\t\t\t\t\t\t\t\t\t\t<\/div>\r\n\t\t\t\t\t\t\t\t\t\t<a href=\"https:\/\/www.obsydya.org\/?news=soutenance-de-master-professionnel\" class=\"news-more-link\">En savoir plus<\/a>\r\n\t\t\t\t\t\t\t\t\t\t\t\t\t\t\t\t\t<\/div><!-- .entry-content -->\r\n\t\t\t\t\t\t\t\t\t\t\t\t\t<\/div>\r\n\t\t\t\t\t<\/div>\r\n\t\t\t\t<\/div><!-- #post-## -->\r\n\t\t\t<\/div><!-- #post-## -->\r\n\t\t\r\n\t\t\t<div id=\"post-1046\" class=\"news type-news wpnaw-blog-class has-date news-col-list\">\r\n\t\t\t\t<div class=\"news-inner-wrap-view news-clearfix \">\r\n\r\n\t\t\t\t\t\t\t\t\t\t<div class=\"news-thumb\">\r\n\t\t\t\t\t\t\t\t\t\t\t\t\t<div class=\"grid-news-thumb\">\r\n\t\t\t\t\t\t\t\t<a href=\"https:\/\/www.obsydya.org\/?news=lequipe-du-projet-obsydya-au-seminaire-de-linrab-2025\"><img loading=\"lazy\" decoding=\"async\" width=\"768\" height=\"576\" src=\"https:\/\/www.obsydya.org\/wp-content\/uploads\/2025\/11\/Image-2025-11-05-at-21.39.37-1-768x576.jpeg\" class=\"attachment-medium_large size-medium_large wp-post-image\" alt=\"\" srcset=\"https:\/\/www.obsydya.org\/wp-content\/uploads\/2025\/11\/Image-2025-11-05-at-21.39.37-1-768x576.jpeg 768w, https:\/\/www.obsydya.org\/wp-content\/uploads\/2025\/11\/Image-2025-11-05-at-21.39.37-1-300x225.jpeg 300w, https:\/\/www.obsydya.org\/wp-content\/uploads\/2025\/11\/Image-2025-11-05-at-21.39.37-1-1024x768.jpeg 1024w, https:\/\/www.obsydya.org\/wp-content\/uploads\/2025\/11\/Image-2025-11-05-at-21.39.37-1-1536x1152.jpeg 1536w, https:\/\/www.obsydya.org\/wp-content\/uploads\/2025\/11\/Image-2025-11-05-at-21.39.37-1.jpeg 1600w\" sizes=\"auto, (max-width: 768px) 100vw, 768px\" \/><\/a>\r\n\t\t\t\t\t\t\t<\/div>\r\n\t\t\t\t\t\t\t\t\t\t\t<\/div>\r\n\t\t\t\t\t\r\n\t\t\t\t\t<div class=\"news-content\">\r\n\t\t\t\t\t\t\t\t\t\t\t\t\t<div class=\"grid-date-post\">\r\n\t\t\t\t\t\t\t\t6 novembre 2025\t\t\t\t\t\t\t<\/div>\r\n\t\t\t\t\t\t\r\n\t\t\t\t\t\t<div class=\"post-content-text\">\r\n\t\t\t\t\t\t\t<h3 class=\"news-title\"><a href=\"https:\/\/www.obsydya.org\/?news=lequipe-du-projet-obsydya-au-seminaire-de-linrab-2025\" rel=\"bookmark\">L&rsquo;\u00e9quipe du projet OBSYDYA au s\u00e9minaire de l&rsquo;INRAB 2025<\/a><\/h3>\t\t\t\t\t\t\t\t<div class=\"news-content-excerpt\">\r\n\t\t\t\t\t\t\t\t\t\t\t\t\t\t\t\t\t\t\t<div class=\"news-short-content\">\r\n\t\t\t\t\t\t\t\t\t\t\tL'\u00e9quipe du projet OBSYDYA au s\u00e9minaire de l'INRAB 2025 Les membres du projet OBSYDYA participent \u00e0 l'\u00e9dition 2025 du s\u00e9minaire...\t\t\t\t\t\t\t\t\t\t<\/div>\r\n\t\t\t\t\t\t\t\t\t\t<a href=\"https:\/\/www.obsydya.org\/?news=lequipe-du-projet-obsydya-au-seminaire-de-linrab-2025\" class=\"news-more-link\">En savoir plus<\/a>\r\n\t\t\t\t\t\t\t\t\t\t\t\t\t\t\t\t\t<\/div><!-- .entry-content -->\r\n\t\t\t\t\t\t\t\t\t\t\t\t\t<\/div>\r\n\t\t\t\t\t<\/div>\r\n\t\t\t\t<\/div><!-- #post-## -->\r\n\t\t\t<\/div><!-- #post-## -->\r\n\t\t\r\n\t\t\t<div id=\"post-1041\" class=\"news type-news wpnaw-blog-class has-date news-col-list\">\r\n\t\t\t\t<div class=\"news-inner-wrap-view news-clearfix \">\r\n\r\n\t\t\t\t\t\t\t\t\t\t<div class=\"news-thumb\">\r\n\t\t\t\t\t\t\t\t\t\t\t\t\t<div class=\"grid-news-thumb\">\r\n\t\t\t\t\t\t\t\t<a href=\"https:\/\/www.obsydya.org\/?news=session-speciale-obsydya-seminaire-scientifique-2025-de-linrab\"><img loading=\"lazy\" decoding=\"async\" width=\"768\" height=\"1082\" src=\"https:\/\/www.obsydya.org\/wp-content\/uploads\/2025\/10\/Capture-de\u0301cran-2025-10-27-a\u0300-16.42.20-768x1082.png\" class=\"attachment-medium_large size-medium_large wp-post-image\" alt=\"\" srcset=\"https:\/\/www.obsydya.org\/wp-content\/uploads\/2025\/10\/Capture-de\u0301cran-2025-10-27-a\u0300-16.42.20-768x1082.png 768w, https:\/\/www.obsydya.org\/wp-content\/uploads\/2025\/10\/Capture-de\u0301cran-2025-10-27-a\u0300-16.42.20-213x300.png 213w, https:\/\/www.obsydya.org\/wp-content\/uploads\/2025\/10\/Capture-de\u0301cran-2025-10-27-a\u0300-16.42.20-727x1024.png 727w, https:\/\/www.obsydya.org\/wp-content\/uploads\/2025\/10\/Capture-de\u0301cran-2025-10-27-a\u0300-16.42.20-1091x1536.png 1091w, https:\/\/www.obsydya.org\/wp-content\/uploads\/2025\/10\/Capture-de\u0301cran-2025-10-27-a\u0300-16.42.20-1454x2048.png 1454w, https:\/\/www.obsydya.org\/wp-content\/uploads\/2025\/10\/Capture-de\u0301cran-2025-10-27-a\u0300-16.42.20.png 1494w\" sizes=\"auto, (max-width: 768px) 100vw, 768px\" \/><\/a>\r\n\t\t\t\t\t\t\t<\/div>\r\n\t\t\t\t\t\t\t\t\t\t\t<\/div>\r\n\t\t\t\t\t\r\n\t\t\t\t\t<div class=\"news-content\">\r\n\t\t\t\t\t\t\t\t\t\t\t\t\t<div class=\"grid-date-post\">\r\n\t\t\t\t\t\t\t\t27 octobre 2025\t\t\t\t\t\t\t<\/div>\r\n\t\t\t\t\t\t\r\n\t\t\t\t\t\t<div class=\"post-content-text\">\r\n\t\t\t\t\t\t\t<h3 class=\"news-title\"><a href=\"https:\/\/www.obsydya.org\/?news=session-speciale-obsydya-seminaire-scientifique-2025-de-linrab\" rel=\"bookmark\">Session sp\u00e9ciale OBSYDYA \u2013 S\u00e9minaire scientifique 2025 de l\u2019INRAB<\/a><\/h3>\t\t\t\t\t\t\t\t<div class=\"news-content-excerpt\">\r\n\t\t\t\t\t\t\t\t\t\t\t\t\t\t\t\t\t\t\t<div class=\"news-short-content\">\r\n\t\t\t\t\t\t\t\t\t\t\tDu 5 au 7 novembre 2025, l\u2019INRAB organise un s\u00e9minaire scientifique. Une session sp\u00e9ciale est d\u00e9di\u00e9e au projet OBSYDYA ainsi...\t\t\t\t\t\t\t\t\t\t<\/div>\r\n\t\t\t\t\t\t\t\t\t\t<a href=\"https:\/\/www.obsydya.org\/?news=session-speciale-obsydya-seminaire-scientifique-2025-de-linrab\" class=\"news-more-link\">En savoir plus<\/a>\r\n\t\t\t\t\t\t\t\t\t\t\t\t\t\t\t\t\t<\/div><!-- .entry-content -->\r\n\t\t\t\t\t\t\t\t\t\t\t\t\t<\/div>\r\n\t\t\t\t\t<\/div>\r\n\t\t\t\t<\/div><!-- #post-## -->\r\n\t\t\t<\/div><!-- #post-## -->\r\n\t\t\r\n\t\t\t<div id=\"post-1000\" class=\"news type-news wpnaw-blog-class has-date news-col-list\">\r\n\t\t\t\t<div class=\"news-inner-wrap-view news-clearfix \">\r\n\r\n\t\t\t\t\t\t\t\t\t\t<div class=\"news-thumb\">\r\n\t\t\t\t\t\t\t\t\t\t\t\t\t<div class=\"grid-news-thumb\">\r\n\t\t\t\t\t\t\t\t<a href=\"https:\/\/www.obsydya.org\/?news=formation-plateforme-rosemary\"><img loading=\"lazy\" decoding=\"async\" width=\"567\" height=\"375\" src=\"https:\/\/www.obsydya.org\/wp-content\/uploads\/2025\/09\/formation.png\" class=\"attachment-medium_large size-medium_large wp-post-image\" alt=\"\" srcset=\"https:\/\/www.obsydya.org\/wp-content\/uploads\/2025\/09\/formation.png 567w, https:\/\/www.obsydya.org\/wp-content\/uploads\/2025\/09\/formation-300x198.png 300w\" sizes=\"auto, (max-width: 567px) 100vw, 567px\" \/><\/a>\r\n\t\t\t\t\t\t\t<\/div>\r\n\t\t\t\t\t\t\t\t\t\t\t<\/div>\r\n\t\t\t\t\t\r\n\t\t\t\t\t<div class=\"news-content\">\r\n\t\t\t\t\t\t\t\t\t\t\t\t\t<div class=\"grid-date-post\">\r\n\t\t\t\t\t\t\t\t10 septembre 2025\t\t\t\t\t\t\t<\/div>\r\n\t\t\t\t\t\t\r\n\t\t\t\t\t\t<div class=\"post-content-text\">\r\n\t\t\t\t\t\t\t<h3 class=\"news-title\"><a href=\"https:\/\/www.obsydya.org\/?news=formation-plateforme-rosemary\" rel=\"bookmark\">Formation Plateforme RoSeMaRY<\/a><\/h3>\t\t\t\t\t\t\t\t<div class=\"news-content-excerpt\">\r\n\t\t\t\t\t\t\t\t\t\t\t\t\t\t\t\t\t\t\t<div class=\"news-short-content\">\r\n\t\t\t\t\t\t\t\t\t\t\tFormation Plateforme RoSeMaRY Dans le cadre de la valorisation des indicateurs d\u00e9finis pour des th\u00e9matiques telles que l\u2019occupation du sol,...\t\t\t\t\t\t\t\t\t\t<\/div>\r\n\t\t\t\t\t\t\t\t\t\t<a href=\"https:\/\/www.obsydya.org\/?news=formation-plateforme-rosemary\" class=\"news-more-link\">En savoir plus<\/a>\r\n\t\t\t\t\t\t\t\t\t\t\t\t\t\t\t\t\t<\/div><!-- .entry-content -->\r\n\t\t\t\t\t\t\t\t\t\t\t\t\t<\/div>\r\n\t\t\t\t\t<\/div>\r\n\t\t\t\t<\/div><!-- #post-## -->\r\n\t\t\t<\/div><!-- #post-## -->\r\n\t\t\r\n\t\t\t<div id=\"post-977\" class=\"news type-news wpnaw-blog-class has-date news-col-list\">\r\n\t\t\t\t<div class=\"news-inner-wrap-view news-clearfix \">\r\n\r\n\t\t\t\t\t\t\t\t\t\t<div class=\"news-thumb\">\r\n\t\t\t\t\t\t\t\t\t\t\t\t\t<div class=\"grid-news-thumb\">\r\n\t\t\t\t\t\t\t\t<a href=\"https:\/\/www.obsydya.org\/?news=parakou-visite-officielle-de-lambassadeur-de-lunion-europeenne-et-de-ses-collegues\"><img loading=\"lazy\" decoding=\"async\" width=\"768\" height=\"513\" src=\"https:\/\/www.obsydya.org\/wp-content\/uploads\/2025\/08\/Ambassadeur_parakou-768x513.jpg\" class=\"attachment-medium_large size-medium_large wp-post-image\" alt=\"\" srcset=\"https:\/\/www.obsydya.org\/wp-content\/uploads\/2025\/08\/Ambassadeur_parakou-768x513.jpg 768w, https:\/\/www.obsydya.org\/wp-content\/uploads\/2025\/08\/Ambassadeur_parakou-300x200.jpg 300w, https:\/\/www.obsydya.org\/wp-content\/uploads\/2025\/08\/Ambassadeur_parakou-1024x684.jpg 1024w, https:\/\/www.obsydya.org\/wp-content\/uploads\/2025\/08\/Ambassadeur_parakou-930x620.jpg 930w, https:\/\/www.obsydya.org\/wp-content\/uploads\/2025\/08\/Ambassadeur_parakou.jpg 1390w\" sizes=\"auto, (max-width: 768px) 100vw, 768px\" \/><\/a>\r\n\t\t\t\t\t\t\t<\/div>\r\n\t\t\t\t\t\t\t\t\t\t\t<\/div>\r\n\t\t\t\t\t\r\n\t\t\t\t\t<div class=\"news-content\">\r\n\t\t\t\t\t\t\t\t\t\t\t\t\t<div class=\"grid-date-post\">\r\n\t\t\t\t\t\t\t\t19 ao\u00fbt 2025\t\t\t\t\t\t\t<\/div>\r\n\t\t\t\t\t\t\r\n\t\t\t\t\t\t<div class=\"post-content-text\">\r\n\t\t\t\t\t\t\t<h3 class=\"news-title\"><a href=\"https:\/\/www.obsydya.org\/?news=parakou-visite-officielle-de-lambassadeur-de-lunion-europeenne-et-de-ses-collegues\" rel=\"bookmark\">Parakou \u2013 Visite officielle de l\u2019Ambassadeur de l\u2019Union Europ\u00e9enne et de ses coll\u00e8gues<\/a><\/h3>\t\t\t\t\t\t\t\t<div class=\"news-content-excerpt\">\r\n\t\t\t\t\t\t\t\t\t\t\t\t\t\t\t\t\t\t\t<div class=\"news-short-content\">\r\n\t\t\t\t\t\t\t\t\t\t\tParakou \u2013 Visite officielle de l\u2019Ambassadeur de l\u2019Union Europ\u00e9enne et de ses coll\u00e8gues Le jeudi 24 juillet 2025, l\u2019Ambassadeur de...\t\t\t\t\t\t\t\t\t\t<\/div>\r\n\t\t\t\t\t\t\t\t\t\t<a href=\"https:\/\/www.obsydya.org\/?news=parakou-visite-officielle-de-lambassadeur-de-lunion-europeenne-et-de-ses-collegues\" class=\"news-more-link\">En savoir plus<\/a>\r\n\t\t\t\t\t\t\t\t\t\t\t\t\t\t\t\t\t<\/div><!-- .entry-content -->\r\n\t\t\t\t\t\t\t\t\t\t\t\t\t<\/div>\r\n\t\t\t\t\t<\/div>\r\n\t\t\t\t<\/div><!-- #post-## -->\r\n\t\t\t<\/div><!-- #post-## -->\r\n\t\t\r\n\t\t\t<div id=\"post-972\" class=\"news type-news wpnaw-blog-class has-date news-col-list\">\r\n\t\t\t\t<div class=\"news-inner-wrap-view news-clearfix \">\r\n\r\n\t\t\t\t\t\t\t\t\t\t<div class=\"news-thumb\">\r\n\t\t\t\t\t\t\t\t\t\t\t\t\t<div class=\"grid-news-thumb\">\r\n\t\t\t\t\t\t\t\t<a href=\"https:\/\/www.obsydya.org\/?news=a-lire\"><img loading=\"lazy\" decoding=\"async\" width=\"768\" height=\"988\" src=\"https:\/\/www.obsydya.org\/wp-content\/uploads\/2025\/08\/LESI-RESULTS_Illustration_eb-1-768x988.jpg\" class=\"attachment-medium_large size-medium_large wp-post-image\" alt=\"\" srcset=\"https:\/\/www.obsydya.org\/wp-content\/uploads\/2025\/08\/LESI-RESULTS_Illustration_eb-1-768x988.jpg 768w, https:\/\/www.obsydya.org\/wp-content\/uploads\/2025\/08\/LESI-RESULTS_Illustration_eb-1-233x300.jpg 233w, https:\/\/www.obsydya.org\/wp-content\/uploads\/2025\/08\/LESI-RESULTS_Illustration_eb-1-796x1024.jpg 796w, https:\/\/www.obsydya.org\/wp-content\/uploads\/2025\/08\/LESI-RESULTS_Illustration_eb-1.jpg 1181w\" sizes=\"auto, (max-width: 768px) 100vw, 768px\" \/><\/a>\r\n\t\t\t\t\t\t\t<\/div>\r\n\t\t\t\t\t\t\t\t\t\t\t<\/div>\r\n\t\t\t\t\t\r\n\t\t\t\t\t<div class=\"news-content\">\r\n\t\t\t\t\t\t\t\t\t\t\t\t\t<div class=\"grid-date-post\">\r\n\t\t\t\t\t\t\t\t13 ao\u00fbt 2025\t\t\t\t\t\t\t<\/div>\r\n\t\t\t\t\t\t\r\n\t\t\t\t\t\t<div class=\"post-content-text\">\r\n\t\t\t\t\t\t\t<h3 class=\"news-title\"><a href=\"https:\/\/www.obsydya.org\/?news=a-lire\" rel=\"bookmark\">A lire &#8211; Article Dotou Padonou<\/a><\/h3>\t\t\t\t\t\t\t\t<div class=\"news-content-excerpt\">\r\n\t\t\t\t\t\t\t\t\t\t\t\t\t\t\t\t\t\t\t<div class=\"news-short-content\">\r\n\t\t\t\t\t\t\t\t\t\t\t\u00a0A lire - Article \"Suivre la durabilit\u00e9 environnementale des paysages agricoles : un nouvel indicateur conceptualis\u00e9\" - Dotou Padonou Dotou...\t\t\t\t\t\t\t\t\t\t<\/div>\r\n\t\t\t\t\t\t\t\t\t\t<a href=\"https:\/\/www.obsydya.org\/?news=a-lire\" class=\"news-more-link\">En savoir plus<\/a>\r\n\t\t\t\t\t\t\t\t\t\t\t\t\t\t\t\t\t<\/div><!-- .entry-content -->\r\n\t\t\t\t\t\t\t\t\t\t\t\t\t<\/div>\r\n\t\t\t\t\t<\/div>\r\n\t\t\t\t<\/div><!-- #post-## -->\r\n\t\t\t<\/div><!-- #post-## -->\r\n\t\t\r\n\t\t\t<div id=\"post-962\" class=\"news type-news wpnaw-blog-class has-date news-col-list\">\r\n\t\t\t\t<div class=\"news-inner-wrap-view news-clearfix \">\r\n\r\n\t\t\t\t\t\t\t\t\t\t<div class=\"news-thumb\">\r\n\t\t\t\t\t\t\t\t\t\t\t\t\t<div class=\"grid-news-thumb\">\r\n\t\t\t\t\t\t\t\t<a href=\"https:\/\/www.obsydya.org\/?news=participation-de-lequipe-obsydya-au-living-planet-symposium-2025-a-vienne-autriche\"><img loading=\"lazy\" decoding=\"async\" width=\"768\" height=\"576\" src=\"https:\/\/www.obsydya.org\/wp-content\/uploads\/2025\/07\/LVP3-768x576.jpg\" class=\"attachment-medium_large size-medium_large wp-post-image\" alt=\"\" srcset=\"https:\/\/www.obsydya.org\/wp-content\/uploads\/2025\/07\/LVP3-768x576.jpg 768w, https:\/\/www.obsydya.org\/wp-content\/uploads\/2025\/07\/LVP3-300x225.jpg 300w, https:\/\/www.obsydya.org\/wp-content\/uploads\/2025\/07\/LVP3.jpg 784w\" sizes=\"auto, (max-width: 768px) 100vw, 768px\" \/><\/a>\r\n\t\t\t\t\t\t\t<\/div>\r\n\t\t\t\t\t\t\t\t\t\t\t<\/div>\r\n\t\t\t\t\t\r\n\t\t\t\t\t<div class=\"news-content\">\r\n\t\t\t\t\t\t\t\t\t\t\t\t\t<div class=\"grid-date-post\">\r\n\t\t\t\t\t\t\t\t1 juillet 2025\t\t\t\t\t\t\t<\/div>\r\n\t\t\t\t\t\t\r\n\t\t\t\t\t\t<div class=\"post-content-text\">\r\n\t\t\t\t\t\t\t<h3 class=\"news-title\"><a href=\"https:\/\/www.obsydya.org\/?news=participation-de-lequipe-obsydya-au-living-planet-symposium-2025-a-vienne-autriche\" rel=\"bookmark\">Participation de l\u2019\u00e9quipe OBSYDYA au Living Planet Symposium 2025 \u00e0 Vienne (Autriche)<\/a><\/h3>\t\t\t\t\t\t\t\t<div class=\"news-content-excerpt\">\r\n\t\t\t\t\t\t\t\t\t\t\t\t\t\t\t\t\t\t\t<div class=\"news-short-content\">\r\n\t\t\t\t\t\t\t\t\t\t\tParticipation de l\u2019\u00e9quipe OBSYDYA au Living Planet Symposium 2025 \u00e0 Vienne (Autriche) L\u2019\u00e9quipe OBSYDYA \u00e9tait pr\u00e9sente au Living Planet Symposium,...\t\t\t\t\t\t\t\t\t\t<\/div>\r\n\t\t\t\t\t\t\t\t\t\t<a href=\"https:\/\/www.obsydya.org\/?news=participation-de-lequipe-obsydya-au-living-planet-symposium-2025-a-vienne-autriche\" class=\"news-more-link\">En savoir plus<\/a>\r\n\t\t\t\t\t\t\t\t\t\t\t\t\t\t\t\t\t<\/div><!-- .entry-content -->\r\n\t\t\t\t\t\t\t\t\t\t\t\t\t<\/div>\r\n\t\t\t\t\t<\/div>\r\n\t\t\t\t<\/div><!-- #post-## -->\r\n\t\t\t<\/div><!-- #post-## -->\r\n\t\t\r\n\t\t\t<div id=\"post-944\" class=\"news type-news wpnaw-blog-class has-date news-col-list wpnaw-last\">\r\n\t\t\t\t<div class=\"news-inner-wrap-view news-clearfix \">\r\n\r\n\t\t\t\t\t\t\t\t\t\t<div class=\"news-thumb\">\r\n\t\t\t\t\t\t\t\t\t\t\t\t\t<div class=\"grid-news-thumb\">\r\n\t\t\t\t\t\t\t\t<a href=\"https:\/\/www.obsydya.org\/?news=formation-pilotage-drones\"><img loading=\"lazy\" decoding=\"async\" width=\"768\" height=\"432\" src=\"https:\/\/www.obsydya.org\/wp-content\/uploads\/2025\/06\/OBSYDYA-Formation-drone-mai-2025-02-768x432.jpg\" class=\"attachment-medium_large size-medium_large wp-post-image\" alt=\"\" srcset=\"https:\/\/www.obsydya.org\/wp-content\/uploads\/2025\/06\/OBSYDYA-Formation-drone-mai-2025-02-768x432.jpg 768w, https:\/\/www.obsydya.org\/wp-content\/uploads\/2025\/06\/OBSYDYA-Formation-drone-mai-2025-02-300x169.jpg 300w, https:\/\/www.obsydya.org\/wp-content\/uploads\/2025\/06\/OBSYDYA-Formation-drone-mai-2025-02-1024x576.jpg 1024w, https:\/\/www.obsydya.org\/wp-content\/uploads\/2025\/06\/OBSYDYA-Formation-drone-mai-2025-02-1536x864.jpg 1536w, https:\/\/www.obsydya.org\/wp-content\/uploads\/2025\/06\/OBSYDYA-Formation-drone-mai-2025-02.jpg 1701w\" sizes=\"auto, (max-width: 768px) 100vw, 768px\" \/><\/a>\r\n\t\t\t\t\t\t\t<\/div>\r\n\t\t\t\t\t\t\t\t\t\t\t<\/div>\r\n\t\t\t\t\t\r\n\t\t\t\t\t<div class=\"news-content\">\r\n\t\t\t\t\t\t\t\t\t\t\t\t\t<div class=\"grid-date-post\">\r\n\t\t\t\t\t\t\t\t10 juin 2025\t\t\t\t\t\t\t<\/div>\r\n\t\t\t\t\t\t\r\n\t\t\t\t\t\t<div class=\"post-content-text\">\r\n\t\t\t\t\t\t\t<h3 class=\"news-title\"><a href=\"https:\/\/www.obsydya.org\/?news=formation-pilotage-drones\" rel=\"bookmark\">Formation au pilotage de drones<\/a><\/h3>\t\t\t\t\t\t\t\t<div class=\"news-content-excerpt\">\r\n\t\t\t\t\t\t\t\t\t\t\t\t\t\t\t\t\t\t\t<div class=\"news-short-content\">\r\n\t\t\t\t\t\t\t\t\t\t\tFormation au pilotage de drones et \u00e0 la prise de vues a\u00e9riennes Du 29 au 30 Avril 2025, une formation...\t\t\t\t\t\t\t\t\t\t<\/div>\r\n\t\t\t\t\t\t\t\t\t\t<a href=\"https:\/\/www.obsydya.org\/?news=formation-pilotage-drones\" class=\"news-more-link\">En savoir plus<\/a>\r\n\t\t\t\t\t\t\t\t\t\t\t\t\t\t\t\t\t<\/div><!-- .entry-content -->\r\n\t\t\t\t\t\t\t\t\t\t\t\t\t<\/div>\r\n\t\t\t\t\t<\/div>\r\n\t\t\t\t<\/div><!-- #post-## -->\r\n\t\t\t<\/div><!-- #post-## -->\r\n\t\t\t\t\t<div class=\"news_pagination wpnw-numeric\">\r\n\t\t\t\t<span aria-current=\"page\" class=\"page-numbers current\">1<\/span>\n<a class=\"page-numbers\" href=\"https:\/\/www.obsydya.org\/index.php?rest_route=%2Fwp%2Fv2%2Fpages%2F244&#038;paged=2#wpnw-news-1\">2<\/a>\n<a class=\"page-numbers\" href=\"https:\/\/www.obsydya.org\/index.php?rest_route=%2Fwp%2Fv2%2Fpages%2F244&#038;paged=3#wpnw-news-1\">3<\/a>\n<a class=\"page-numbers\" href=\"https:\/\/www.obsydya.org\/index.php?rest_route=%2Fwp%2Fv2%2Fpages%2F244&#038;paged=4#wpnw-news-1\">4<\/a>\n<a class=\"next page-numbers\" href=\"https:\/\/www.obsydya.org\/index.php?rest_route=%2Fwp%2Fv2%2Fpages%2F244&#038;paged=2#wpnw-news-1\">Suivante &raquo;<\/a>\t\t\t<\/div>\r\n\t\t\t<\/div>\r\n\r\n\t\n<\/div>\n<\/div>\n\n\n\n<div style=\"height:80px\" aria-hidden=\"true\" class=\"wp-block-spacer\"><\/div>\n","protected":false},"excerpt":{"rendered":"","protected":false},"author":2,"featured_media":0,"parent":0,"menu_order":0,"comment_status":"closed","ping_status":"closed","template":"","meta":{"neve_meta_sidebar":"","neve_meta_container":"","neve_meta_enable_content_width":"","neve_meta_content_width":0,"neve_meta_title_alignment":"","neve_meta_author_avatar":"","neve_post_elements_order":"","neve_meta_disable_header":"","neve_meta_disable_footer":"","neve_meta_disable_title":"","ngg_post_thumbnail":0,"footnotes":""},"class_list":["post-244","page","type-page","status-publish","hentry"],"_links":{"self":[{"href":"https:\/\/www.obsydya.org\/index.php?rest_route=\/wp\/v2\/pages\/244","targetHints":{"allow":["GET"]}}],"collection":[{"href":"https:\/\/www.obsydya.org\/index.php?rest_route=\/wp\/v2\/pages"}],"about":[{"href":"https:\/\/www.obsydya.org\/index.php?rest_route=\/wp\/v2\/types\/page"}],"author":[{"embeddable":true,"href":"https:\/\/www.obsydya.org\/index.php?rest_route=\/wp\/v2\/users\/2"}],"replies":[{"embeddable":true,"href":"https:\/\/www.obsydya.org\/index.php?rest_route=%2Fwp%2Fv2%2Fcomments&post=244"}],"version-history":[{"count":5,"href":"https:\/\/www.obsydya.org\/index.php?rest_route=\/wp\/v2\/pages\/244\/revisions"}],"predecessor-version":[{"id":354,"href":"https:\/\/www.obsydya.org\/index.php?rest_route=\/wp\/v2\/pages\/244\/revisions\/354"}],"wp:attachment":[{"href":"https:\/\/www.obsydya.org\/index.php?rest_route=%2Fwp%2Fv2%2Fmedia&parent=244"}],"curies":[{"name":"wp","href":"https:\/\/api.w.org\/{rel}","templated":true}]}}